 the prime factors of 57402391.
57402391
List the prime factors of 1363624493.
7, 11, 17709409
List the prime factors of 49202240.
2, 5, 153757
What are the prime factors of 6053666464?
2, 827, 228751
What are the prime factors of 129550203?
3, 14394467
What are the prime factors of 402120334?
2, 7, 11, 89, 29339
List the prime factors of 89533566.
2, 3, 1658029
List the prime factors of 12100419.
3, 1344491
List the prime factors of 4569780411.
3, 7, 1861, 38977
List the prime factors of 519636542.
2, 41, 6337031
List the prime factors of 102496651.
947, 108233
What are the prime factors of 7128858519?
3, 6781, 12979
What are the prime factors of 384843358?
2, 677, 284227
What are the prime factors of 21669506?
2, 43, 251971
What are the prime factors of 2174762869?
7561, 287629
List the prime factors of 68296838.
2, 34148419
What are the prime factors of 1343925887?
211, 6369317
List the prime factors of 215279602.
2, 17, 41, 389, 397
List the prime factors of 81013715.
5, 16202743
What are the prime factors of 398308138?
2, 199154069
List the prime factors of 16163515.
5, 17, 190159
What are the prime factors of 17892658?
2, 7, 1278047
What are the prime factors of 559092558?
2, 3, 487, 191339
List the prime factors of 669260244.
2, 3, 55771687
What are the prime factors of 1679670814?
2, 839835407
List the prime factors of 823477.
167, 4931
What are the prime factors of 670976490?
2, 3, 5, 431, 51893
List the prime factors of 2158779538.
2, 337, 3202937
List the prime factors of 2149498685.
5, 487, 882751
What are the prime factors of 383384407?
7, 439, 124759
List the prime factors of 1409704378.
2, 704852189
List the prime factors of 1672981988.
2, 191, 2189767
What are the prime factors of 467476739?
467476739
What are the prime factors of 120287005?
5, 19, 103, 647
List the prime factors of 285603581.
23, 41, 83, 89
What are the prime factors of 3777190555?
5, 755438111
What are the prime factors of 6230158408?
2, 778769801
What are the prime factors of 419068674?
2, 3, 19, 233, 1753
What are the prime factors of 1118431225?
5, 83, 539003
What are the prime factors of 2270039399?
19661, 115459
List the prime factors of 63312705.
3, 5, 468983
What are the prime factors of 1721195661?
3, 573731887
List the prime factors of 603781235.
5, 120756247
What are the prime factors of 1260045280?
2, 5, 13, 61, 9931
List the prime factors of 103820390.
2, 5, 23, 241, 1873
What are the prime factors of 340716263?
340716263
What are the prime factors of 445807599?
3, 59, 2518687
List the prime factors of 24555429.
3, 17, 19, 8447
List the prime factors of 349889527.
13, 89, 302411
List the prime factors of 372793735.
5, 521, 143107
List the prime factors of 95485146.
2, 3, 19, 31, 41, 659
List the prime factors of 99922602.
2, 3, 13, 98543
What are the prime factors of 375404899?
107, 3508457
List the prime factors of 752025989.
11, 13, 109, 48247
List the prime factors of 216586655.
5, 883, 49057
List the prime factors of 2931153254.
2, 9479, 154613
List the prime factors of 6645359.
7, 151, 6287
What are the prime factors of 332860277?
7517, 44281
What are the prime factors of 589818903?
3, 73, 2693237
List the prime factors of 43907231.
43907231
What are the prime factors of 3393948302?
2, 19, 47, 823, 2309
What are the prime factors of 624132051?
3, 197, 1056061
List the prime factors of 24408683.
13, 317, 5923
What are the prime factors of 122299041?
3, 40766347
What are the prime factors of 11824425?
3, 5, 52553
List the prime factors of 402026899.
257, 1564307
List the prime factors of 2917323171.
3, 7, 151, 449, 683
What are the prime factors of 532045961?
19, 79, 354461
What are the prime factors of 13604867?
1549, 8783
List the prime factors of 3541060779.
3, 26783, 44071
List the prime factors of 400458506.
2, 7, 29, 986351
What are the prime factors of 899874394?
2, 449937197
List the prime factors of 101393242.
2, 50696621
List the prime factors of 1230196065.
3, 5, 7, 11716153
List the prime factors of 98383137.
3, 83, 395113
List the prime factors of 2410443674.
2, 163, 313, 23623
What are the prime factors of 86800627?
601, 144427
List the prime factors of 52022451.
3, 13, 1333909
What are the prime factors of 204516821?
204516821
What are the prime factors of 288407260?
2, 5, 31, 465173
List the prime factors of 2663144145.
3, 5, 59180981
List the prime factors of 4896088544.
2, 227, 421, 1601
List the prime factors of 678632100.
2, 3, 5, 1429, 1583
List the prime factors of 3401982.
2, 3, 188999
List the prime factors of 2531923729.
31, 953, 85703
What are the prime factors of 1110362723?
197, 5636359
List the prime factors of 567542338.
2, 11, 53, 107, 4549
List the prime factors of 66828863.
223, 299681
List the prime factors of 799076884.
2, 59, 71, 103, 463
List the prime factors of 777198680.
2, 5, 19429967
What are the prime factors of 118660849?
118660849
List the prime factors of 413699862.
2, 3, 17, 139, 29179
What are the prime factors of 525753158?
2, 7, 2477, 15161
What are the prime factors of 1114358184?
2, 3, 15477197
List the prime factors of 829460990.
2, 5, 739, 112241
What are the prime factors of 16256772?
2, 3, 7, 31, 2081
What are the prime factors of 56343354?
2, 3, 9390559
List the prime factors of 781016925.
3, 5, 13, 59, 13577
List the prime factors of 263611494.
2, 3, 317, 46199
What are the prime factors of 114370782?
2, 3, 19061797
What are the prime factors of 2976945534?
2, 3, 18376207
List the prime factors of 536931907.
137, 3919211
What are the prime factors of 75045019?
7, 43, 35617
What are the prime factors of 109505524?
2, 27376381
What are the prime factors of 4142383843?
13, 1021, 24007
List the prime factors of 157990092.
2, 3, 13, 19, 151, 353
What are the prime factors of 327508647?
3, 109169549
List the prime factors of 1624993976.
2, 23, 79, 111791
List the prime factors of 21220897.
433, 49009
What are the prime factors of 309617802?
2, 3, 13, 43, 263
What are the prime factors of 607118871?
3, 79, 2561683
List the prime factors of 1066532927.
17, 62737231
List the prime factors of 27695070.
2, 3, 5, 13, 23671
What are the prime factors of 96925837?
96925837
What are the prime factors of 9628006?
2, 829, 5807
What are the prime factors of 132650742?
2, 3, 7, 19, 23747
What are the prime factors of 1729694305?
5, 345938861
What are the prime factors of 658321550?
2, 5, 13166431
What are the prime factors of 800342123?
7, 139, 822551
What are the prime factors of 28781264?
2, 37, 61, 797
What are the prime factors of 619122575?
5, 17, 1456759
What are the prime factors of 1715325431?
1715325431
List the prime factors of 517281777.
3, 57475753
What are the prime factors of 853355601?
3, 7, 137, 32957
List the prime factors of 2037722114.
2, 8431, 120847
List the prime factors of 42562952.
2, 29, 183461
What are the prime factors of 1225403697?
3, 7, 71, 107, 7681
List the prime factors of 3362854350.
2, 3, 5, 22419029
List the prime factors of 3228099.
3, 7, 153719
What are the prime factors of 3077664331?
7, 439666333
What are the prime factors of 1718467723?
7, 245495389
What are the prime factors of 25027258?
2, 12513629
What are the prime factors of 205962797?
211, 976127
List the prime factors of 86293968.
2, 3, 71, 25321
List the prime factors of 578495989.
578495989
List the prime factors of 209884508.
2, 31, 157, 10781
What are the prime factors of 1347221102?
2, 673610551
List the prime factors of 652460139.
3, 72495571
List the prime factors of 497302389.
3, 23, 71, 11279
List the prime factors of 59377565.
5, 13, 19, 48079
What are the prime factors of 3544892314?
2, 29, 263, 232391
List the prime factors of 1152543773.
773, 1491001
What are the prime factors of 94182003?
3, 10464667
What are the prime factors of 4446906379?
67, 66371737
What are the prime factors of 17403708?
2, 3, 7, 207187
List the prime factors of 2709260686.
2, 11, 31, 3972523
List the prime factors of 39424598.
2, 17, 487, 2381
List the prime factors of 59903783.
59903783
List the prime factors of 3078422651.
4217, 730003
List the prime factors of 20030456.
2, 139, 18013
List the prime factors of 731222286.
2, 3, 121870381
List the prime factors of 430337013.
3, 143445671
What are the prime factors of